Last updated on 2023-02-03 06:50:37 CET.
Flavor | Version | Tinstall | Tcheck | Ttotal | Status | Flags |
---|---|---|---|---|---|---|
r-devel-linux-x86_64-debian-clang | 0.6.6 | 186.08 | 497.57 | 683.65 | NOTE | |
r-devel-linux-x86_64-debian-gcc | 0.6.6 | 164.92 | 372.90 | 537.82 | NOTE | |
r-devel-linux-x86_64-fedora-clang | 0.6.6 | 700.67 | NOTE | |||
r-devel-linux-x86_64-fedora-gcc | 0.6.6 | 668.10 | NOTE | |||
r-patched-linux-x86_64 | 0.6.6 | 169.13 | 471.80 | 640.93 | OK | |
r-release-linux-x86_64 | 0.6.6 | 136.70 | 469.52 | 606.22 | OK | |
r-release-macos-arm64 | 0.6.6 | 242.00 | NOTE | |||
r-release-macos-x86_64 | 0.6.6 | 287.00 | NOTE | |||
r-release-windows-x86_64 | 0.6.6 | 220.00 | 555.00 | 775.00 | OK | |
r-oldrel-macos-arm64 | 0.6.6 | 227.00 | NOTE | |||
r-oldrel-macos-x86_64 | 0.6.6 | 272.00 | NOTE | |||
r-oldrel-windows-ix86+x86_64 | 0.6.6 | 445.00 | 743.00 | 1188.00 | OK |
Version: 0.6.6
Check: C++ specification
Result: NOTE
Specified C++11: please update to current default of C++17
Flavors: r-devel-linux-x86_64-debian-clang, r-devel-linux-x86_64-debian-gcc, r-devel-linux-x86_64-fedora-clang, r-devel-linux-x86_64-fedora-gcc
Version: 0.6.6
Check: installed package size
Result: NOTE
installed size is 7.1Mb
sub-directories of 1Mb or more:
libs 6.0Mb
Flavors: r-release-macos-arm64, r-release-macos-x86_64, r-oldrel-macos-arm64, r-oldrel-macos-x86_64