Last updated on 2023-06-01 07:57:16 CEST.
Flavor | Version | Tinstall | Tcheck | Ttotal | Status | Flags |
---|---|---|---|---|---|---|
r-devel-linux-x86_64-debian-clang | 0.5.0 | 4.99 | 58.10 | 63.09 | NOTE | |
r-devel-linux-x86_64-debian-gcc | 0.5.0 | 4.67 | 45.06 | 49.73 | NOTE | |
r-devel-linux-x86_64-fedora-clang | 0.5.0 | 80.29 | NOTE | |||
r-devel-linux-x86_64-fedora-gcc | 0.5.0 | 78.03 | NOTE | |||
r-devel-windows-x86_64 | 0.5.0 | 5.00 | 67.00 | 72.00 | NOTE | |
r-patched-linux-x86_64 | 0.5.0 | NOTE | ||||
r-release-linux-x86_64 | 0.5.0 | 4.50 | 56.05 | 60.55 | NOTE | |
r-release-macos-arm64 | 0.5.0 | 26.00 | NOTE | |||
r-release-macos-x86_64 | 0.5.0 | 41.00 | NOTE | |||
r-release-windows-x86_64 | 0.5.0 | 5.00 | 72.00 | 77.00 | NOTE | |
r-oldrel-macos-arm64 | 0.5.0 | 27.00 | NOTE | |||
r-oldrel-macos-x86_64 | 0.5.0 | 37.00 | NOTE | |||
r-oldrel-windows-x86_64 | 0.5.0 | 8.00 | 76.00 | 84.00 | NOTE |
Version: 0.5.0
Check: LazyData
Result: NOTE
'LazyData' is specified without a 'data' directory
Flavors: r-devel-linux-x86_64-debian-clang, r-devel-linux-x86_64-debian-gcc, r-devel-linux-x86_64-fedora-clang, r-devel-linux-x86_64-fedora-gcc, r-devel-windows-x86_64, r-patched-linux-x86_64, r-release-linux-x86_64, r-release-macos-arm64, r-release-macos-x86_64, r-release-windows-x86_64, r-oldrel-macos-arm64, r-oldrel-macos-x86_64, r-oldrel-windows-x86_64