CRAN Package Check Results for Package vaersNDvax

Last updated on 2024-07-14 07:55:09 CEST.

Flavor Version Tinstall Tcheck Ttotal Status Flags
r-devel-linux-x86_64-debian-clang 1.0.4 2.49 23.62 26.11 NOTE
r-devel-linux-x86_64-debian-gcc 1.0.4 2.33 18.40 20.73 NOTE
r-devel-linux-x86_64-fedora-clang 1.0.4 35.21 NOTE
r-devel-linux-x86_64-fedora-gcc 1.0.4 33.22 NOTE
r-devel-windows-x86_64 1.0.4 3.00 46.00 49.00 NOTE
r-patched-linux-x86_64 1.0.4 2.28 22.11 24.39 NOTE
r-release-linux-x86_64 1.0.4 2.28 22.63 24.91 NOTE
r-release-macos-arm64 1.0.4 15.00 NOTE
r-release-macos-x86_64 1.0.4 21.00 NOTE
r-release-windows-x86_64 1.0.4 3.00 45.00 48.00 NOTE
r-oldrel-macos-arm64 1.0.4 20.00 NOTE
r-oldrel-macos-x86_64 1.0.4 23.00 NOTE
r-oldrel-windows-x86_64 1.0.4 3.00 43.00 46.00 NOTE

Check Details

Version: 1.0.4
Check: package dependencies
Result: NOTE Packages suggested but not available for checking: 'vaers', 'vaersND' Flavors: r-devel-linux-x86_64-debian-clang, r-devel-linux-x86_64-debian-gcc, r-devel-linux-x86_64-fedora-clang, r-devel-linux-x86_64-fedora-gcc, r-devel-windows-x86_64, r-patched-linux-x86_64, r-release-linux-x86_64, r-release-macos-arm64, r-release-macos-x86_64, r-release-windows-x86_64, r-oldrel-macos-arm64, r-oldrel-macos-x86_64, r-oldrel-windows-x86_64