CRAN Package Check Results for Package usmap

Last updated on 2023-01-30 09:54:28 CET.

Flavor Version Tinstall Tcheck Ttotal Status Flags
r-devel-linux-x86_64-debian-clang 0.6.1 3.05 85.85 88.90 OK
r-devel-linux-x86_64-debian-gcc 0.6.1 2.58 64.01 66.59 OK
r-devel-linux-x86_64-fedora-clang 0.6.1 107.03 NOTE
r-devel-linux-x86_64-fedora-gcc 0.6.1 119.45 NOTE
r-devel-windows-x86_64 0.6.1 30.00 144.00 174.00 OK
r-patched-linux-x86_64 0.6.1 3.68 78.47 82.15 OK
r-release-linux-x86_64 0.6.1 3.45 76.91 80.36 OK
r-release-macos-arm64 0.6.1 46.00 NOTE
r-release-macos-x86_64 0.6.1 53.00 NOTE
r-release-windows-x86_64 0.6.1 18.00 140.00 158.00 OK
r-oldrel-macos-arm64 0.6.1 51.00 NOTE
r-oldrel-macos-x86_64 0.6.1 58.00 NOTE
r-oldrel-windows-ix86+x86_64 0.6.1 10.00 119.00 129.00 OK

Check Details

Version: 0.6.1
Check: data for non-ASCII characters
Result: NOTE
     Note: found 1 marked UTF-8 string
Flavors: r-devel-linux-x86_64-fedora-clang, r-devel-linux-x86_64-fedora-gcc, r-release-macos-arm64, r-release-macos-x86_64, r-oldrel-macos-arm64, r-oldrel-macos-x86_64