CRAN Package Check Results for Package usedist

Last updated on 2023-01-30 09:54:28 CET.

Flavor Version Tinstall Tcheck Ttotal Status Flags
r-devel-linux-x86_64-debian-clang 0.4.0 2.19 27.01 29.20 NOTE
r-devel-linux-x86_64-debian-gcc 0.4.0 1.67 20.80 22.47 NOTE
r-devel-linux-x86_64-fedora-clang 0.4.0 36.81 NOTE
r-devel-linux-x86_64-fedora-gcc 0.4.0 35.68 NOTE
r-devel-windows-x86_64 0.4.0 15.00 62.00 77.00 NOTE
r-patched-linux-x86_64 0.4.0 2.11 26.66 28.77 NOTE
r-release-linux-x86_64 0.4.0 1.73 26.68 28.41 NOTE
r-release-macos-arm64 0.4.0 16.00 NOTE
r-release-macos-x86_64 0.4.0 24.00 NOTE
r-release-windows-x86_64 0.4.0 15.00 61.00 76.00 NOTE
r-oldrel-macos-arm64 0.4.0 26.00 NOTE
r-oldrel-macos-x86_64 0.4.0 30.00 NOTE
r-oldrel-windows-ix86+x86_64 0.4.0 5.00 51.00 56.00 NOTE

Check Details

Version: 0.4.0
Check: LazyData
Result: NOTE
     'LazyData' is specified without a 'data' directory
Flavors: r-devel-linux-x86_64-debian-clang, r-devel-linux-x86_64-debian-gcc, r-devel-linux-x86_64-fedora-clang, r-devel-linux-x86_64-fedora-gcc, r-devel-windows-x86_64, r-patched-linux-x86_64, r-release-linux-x86_64, r-release-macos-arm64, r-release-macos-x86_64, r-release-windows-x86_64, r-oldrel-macos-arm64, r-oldrel-macos-x86_64, r-oldrel-windows-ix86+x86_64