Last updated on 2023-01-29 08:57:16 CET.
Flavor | Version | Tinstall | Tcheck | Ttotal | Status | Flags |
---|---|---|---|---|---|---|
r-devel-linux-x86_64-debian-clang | 0.1.0 | 2.59 | 28.48 | 31.07 | NOTE | |
r-devel-linux-x86_64-debian-gcc | 0.1.0 | 1.78 | 21.90 | 23.68 | NOTE | |
r-devel-linux-x86_64-fedora-clang | 0.1.0 | 39.60 | NOTE | |||
r-devel-linux-x86_64-fedora-gcc | 0.1.0 | 50.06 | NOTE | |||
r-patched-linux-x86_64 | 0.1.0 | 2.61 | 28.18 | 30.79 | NOTE | |
r-release-linux-x86_64 | 0.1.0 | 1.70 | 26.92 | 28.62 | NOTE | |
r-release-macos-arm64 | 0.1.0 | 17.00 | NOTE | |||
r-release-macos-x86_64 | 0.1.0 | 27.00 | NOTE | |||
r-release-windows-x86_64 | 0.1.0 | 13.00 | 63.00 | 76.00 | NOTE | |
r-oldrel-macos-arm64 | 0.1.0 | 19.00 | NOTE | |||
r-oldrel-macos-x86_64 | 0.1.0 | 30.00 | NOTE | |||
r-oldrel-windows-ix86+x86_64 | 0.1.0 | 6.00 | 58.00 | 64.00 | NOTE |
Version: 0.1.0
Check: LazyData
Result: NOTE
'LazyData' is specified without a 'data' directory
Flavors: r-devel-linux-x86_64-debian-clang, r-devel-linux-x86_64-debian-gcc, r-devel-linux-x86_64-fedora-clang, r-devel-linux-x86_64-fedora-gcc, r-patched-linux-x86_64, r-release-linux-x86_64, r-release-macos-arm64, r-release-macos-x86_64, r-release-windows-x86_64, r-oldrel-macos-arm64, r-oldrel-macos-x86_64, r-oldrel-windows-ix86+x86_64