CRAN Package Check Results for Package usdampr

Last updated on 2023-11-30 08:50:13 CET.

Flavor Version Tinstall Tcheck Ttotal Status Flags
r-devel-linux-x86_64-debian-clang 1.0.1 1.97 21.76 23.73 OK
r-devel-linux-x86_64-debian-gcc 1.0.1 1.68 17.05 18.73 OK
r-devel-linux-x86_64-fedora-clang 1.0.1 30.64 NOTE
r-devel-linux-x86_64-fedora-gcc 1.0.1 28.69 NOTE
r-devel-windows-x86_64 1.0.1 3.00 46.00 49.00 OK
r-patched-linux-x86_64 1.0.1 1.76 21.14 22.90 OK
r-release-linux-x86_64 1.0.1 1.37 21.66 23.03 OK
r-release-macos-arm64 1.0.1 16.00 OK
r-release-macos-x86_64 1.0.1 20.00 OK
r-release-windows-x86_64 1.0.1 4.00 38.00 42.00 OK
r-oldrel-macos-arm64 1.0.1 16.00 NOTE
r-oldrel-macos-x86_64 1.0.1 24.00 NOTE
r-oldrel-windows-x86_64 1.0.1 4.00 44.00 48.00 OK

Check Details

Version: 1.0.1
Check: data for non-ASCII characters
Result: NOTE Note: found 2 marked UTF-8 strings Flavors: r-devel-linux-x86_64-fedora-clang, r-devel-linux-x86_64-fedora-gcc, r-oldrel-macos-arm64, r-oldrel-macos-x86_64