CRAN Package Check Results for Package unvotes

Last updated on 2023-02-03 06:50:37 CET.

Flavor Version Tinstall Tcheck Ttotal Status Flags
r-devel-linux-x86_64-debian-clang 0.3.0 5.68 43.04 48.72 OK
r-devel-linux-x86_64-debian-gcc 0.3.0 5.69 33.57 39.26 OK
r-devel-linux-x86_64-fedora-clang 0.3.0 63.28 NOTE
r-devel-linux-x86_64-fedora-gcc 0.3.0 73.13 NOTE
r-patched-linux-x86_64 0.3.0 5.64 42.75 48.39 OK
r-release-linux-x86_64 0.3.0 6.11 42.35 48.46 OK
r-release-macos-arm64 0.3.0 30.00 NOTE
r-release-macos-x86_64 0.3.0 35.00 NOTE
r-release-windows-x86_64 0.3.0 18.00 78.00 96.00 OK
r-oldrel-macos-arm64 0.3.0 39.00 NOTE
r-oldrel-macos-x86_64 0.3.0 54.00 NOTE
r-oldrel-windows-ix86+x86_64 0.3.0 13.00 69.00 82.00 OK

Check Details

Version: 0.3.0
Check: data for non-ASCII characters
Result: NOTE
     Note: found 7872 marked UTF-8 strings
Flavors: r-devel-linux-x86_64-fedora-clang, r-devel-linux-x86_64-fedora-gcc, r-release-macos-arm64, r-release-macos-x86_64, r-oldrel-macos-arm64, r-oldrel-macos-x86_64