Last updated on 2023-01-27 07:50:47 CET.
Flavor | Version | Tinstall | Tcheck | Ttotal | Status | Flags |
---|---|---|---|---|---|---|
r-devel-linux-x86_64-debian-clang | 0.0.4 | 14.00 | 44.60 | 58.60 | OK | |
r-devel-linux-x86_64-debian-gcc | 0.0.4 | 12.94 | 35.25 | 48.19 | NOTE | |
r-devel-linux-x86_64-fedora-clang | 0.0.4 | 70.24 | NOTE | |||
r-devel-linux-x86_64-fedora-gcc | 0.0.4 | 83.11 | NOTE | |||
r-patched-linux-x86_64 | 0.0.4 | 13.58 | 43.79 | 57.37 | OK | |
r-release-linux-x86_64 | 0.0.4 | 14.55 | 43.99 | 58.54 | OK | |
r-release-macos-arm64 | 0.0.4 | 29.00 | OK | |||
r-release-macos-x86_64 | 0.0.4 | 41.00 | OK | |||
r-release-windows-x86_64 | 0.0.4 | 26.00 | 89.00 | 115.00 | OK | |
r-oldrel-macos-arm64 | 0.0.4 | 34.00 | OK | |||
r-oldrel-macos-x86_64 | 0.0.4 | 40.00 | OK | |||
r-oldrel-windows-ix86+x86_64 | 0.0.4 | 40.00 | 93.00 | 133.00 | OK |
Version: 0.0.4
Check: C++ specification
Result: NOTE
Specified C++11: please update to current default of C++17
Flavors: r-devel-linux-x86_64-debian-gcc, r-devel-linux-x86_64-fedora-clang, r-devel-linux-x86_64-fedora-gcc