Last updated on 2023-01-26 07:54:05 CET.
Flavor | Version | Tinstall | Tcheck | Ttotal | Status | Flags |
---|---|---|---|---|---|---|
r-devel-linux-x86_64-debian-clang | 1.1.0 | 2.19 | 26.28 | 28.47 | OK | |
r-devel-linux-x86_64-debian-gcc | 1.1.0 | 2.40 | 20.45 | 22.85 | OK | |
r-devel-linux-x86_64-fedora-clang | 1.1.0 | 37.19 | NOTE | |||
r-devel-linux-x86_64-fedora-gcc | 1.1.0 | 36.78 | OK | |||
r-patched-linux-x86_64 | 1.1.0 | 2.32 | 26.81 | 29.13 | OK | |
r-release-linux-x86_64 | 1.1.0 | 1.94 | 26.48 | 28.42 | OK | |
r-release-macos-arm64 | 1.1.0 | 17.00 | OK | |||
r-release-macos-x86_64 | 1.1.0 | 21.00 | OK | |||
r-release-windows-x86_64 | 1.1.0 | 7.00 | 51.00 | 58.00 | OK | |
r-oldrel-macos-arm64 | 1.1.0 | 20.00 | OK | |||
r-oldrel-macos-x86_64 | 1.1.0 | 22.00 | OK | |||
r-oldrel-windows-ix86+x86_64 | 1.1.0 | 6.00 | 50.00 | 56.00 | OK |
Version: 1.1.0
Check: Rd cross-references
Result: NOTE
Undeclared package ‘mirt’ in Rd xrefs
Flavor: r-devel-linux-x86_64-fedora-clang