CRAN Package Check Results for Package uni.survival.tree

Last updated on 2023-01-26 07:54:05 CET.

Flavor Version Tinstall Tcheck Ttotal Status Flags
r-devel-linux-x86_64-debian-clang 1.5 7.31 67.40 74.71 NOTE
r-devel-linux-x86_64-debian-gcc 1.5 5.45 52.48 57.93 NOTE
r-devel-linux-x86_64-fedora-clang 1.5 97.56 NOTE
r-devel-linux-x86_64-fedora-gcc 1.5 97.82 NOTE
r-patched-linux-x86_64 1.5 7.49 65.56 73.05 NOTE
r-release-linux-x86_64 1.5 8.99 66.59 75.58 NOTE
r-release-macos-arm64 1.5 31.00 NOTE
r-release-macos-x86_64 1.5 40.00 NOTE
r-release-windows-x86_64 1.5 29.00 93.00 122.00 NOTE
r-oldrel-macos-arm64 1.5 34.00 NOTE
r-oldrel-macos-x86_64 1.5 57.00 NOTE
r-oldrel-windows-ix86+x86_64 1.5 18.00 91.00 109.00 NOTE

Check Details

Version: 1.5
Check: LazyData
Result: NOTE
     'LazyData' is specified without a 'data' directory
Flavors: r-devel-linux-x86_64-debian-clang, r-devel-linux-x86_64-debian-gcc, r-devel-linux-x86_64-fedora-clang, r-devel-linux-x86_64-fedora-gcc, r-patched-linux-x86_64, r-release-linux-x86_64, r-release-macos-arm64, r-release-macos-x86_64, r-release-windows-x86_64, r-oldrel-macos-arm64, r-oldrel-macos-x86_64, r-oldrel-windows-ix86+x86_64