CRAN Package Check Results for Package unglue

Last updated on 2023-01-30 09:54:28 CET.

Flavor Version Tinstall Tcheck Ttotal Status Flags
r-devel-linux-x86_64-debian-clang 0.1.0 2.22 24.42 26.64 NOTE
r-devel-linux-x86_64-debian-gcc 0.1.0 1.56 19.47 21.03 NOTE
r-devel-linux-x86_64-fedora-clang 0.1.0 35.70 NOTE
r-devel-linux-x86_64-fedora-gcc 0.1.0 46.24 NOTE
r-devel-windows-x86_64 0.1.0 15.00 57.00 72.00 NOTE
r-patched-linux-x86_64 0.1.0 2.10 24.45 26.55 NOTE
r-release-linux-x86_64 0.1.0 1.95 24.64 26.59 NOTE
r-release-macos-arm64 0.1.0 19.00 NOTE
r-release-macos-x86_64 0.1.0 28.00 NOTE
r-release-windows-x86_64 0.1.0 14.00 58.00 72.00 NOTE
r-oldrel-macos-arm64 0.1.0 22.00 NOTE
r-oldrel-macos-x86_64 0.1.0 41.00 NOTE
r-oldrel-windows-ix86+x86_64 0.1.0 6.00 55.00 61.00 NOTE

Check Details

Version: 0.1.0
Check: LazyData
Result: NOTE
     'LazyData' is specified without a 'data' directory
Flavors: r-devel-linux-x86_64-debian-clang, r-devel-linux-x86_64-debian-gcc, r-devel-linux-x86_64-fedora-clang, r-devel-linux-x86_64-fedora-gcc, r-devel-windows-x86_64, r-patched-linux-x86_64, r-release-linux-x86_64, r-release-macos-arm64, r-release-macos-x86_64, r-release-windows-x86_64, r-oldrel-macos-arm64, r-oldrel-macos-x86_64, r-oldrel-windows-ix86+x86_64