CRAN Package Check Results for Package uaparserjs

Last updated on 2022-10-01 07:55:17 CEST.

Flavor Version Tinstall Tcheck Ttotal Status Flags
r-devel-linux-x86_64-debian-clang 0.3.5 4.67 41.82 46.49 NOTE
r-devel-linux-x86_64-debian-gcc 0.3.5 3.01 31.98 34.99 NOTE
r-devel-linux-x86_64-fedora-clang 0.3.5 69.89 NOTE
r-devel-linux-x86_64-fedora-gcc 0.3.5 70.69 NOTE
r-devel-windows-x86_64 0.3.5 9.00 67.00 76.00 NOTE
r-patched-linux-x86_64 0.3.5 3.74 39.34 43.08 OK
r-release-linux-x86_64 0.3.5 4.70 39.61 44.31 OK
r-release-macos-arm64 0.3.5 17.00 OK
r-release-macos-x86_64 0.3.5 28.00 OK
r-release-windows-x86_64 0.3.5 21.00 68.00 89.00 OK
r-oldrel-macos-arm64 0.3.5 27.00 OK
r-oldrel-macos-x86_64 0.3.5 34.00 OK
r-oldrel-windows-ix86+x86_64 0.3.5 14.00 78.00 92.00 OK

Check Details

Version: 0.3.5
Check: package subdirectories
Result: NOTE
    Problems with news in 'NEWS.md':
    No news entries found.
Flavors: r-devel-linux-x86_64-debian-clang, r-devel-linux-x86_64-debian-gcc, r-devel-linux-x86_64-fedora-clang, r-devel-linux-x86_64-fedora-gcc, r-devel-windows-x86_64