Last updated on 2023-01-29 08:57:16 CET.
Flavor | Version | Tinstall | Tcheck | Ttotal | Status | Flags |
---|---|---|---|---|---|---|
r-devel-linux-x86_64-debian-clang | 0.3.0 | 25.01 | 22.61 | 47.62 | OK | |
r-devel-linux-x86_64-debian-gcc | 0.3.0 | 20.40 | 18.02 | 38.42 | NOTE | |
r-devel-linux-x86_64-fedora-clang | 0.3.0 | 68.39 | NOTE | |||
r-devel-linux-x86_64-fedora-gcc | 0.3.0 | 60.72 | NOTE | |||
r-devel-windows-x86_64 | 0.3.0 | 107.00 | 91.00 | 198.00 | NOTE | |
r-patched-linux-x86_64 | 0.3.0 | 23.36 | 23.68 | 47.04 | OK | |
r-release-linux-x86_64 | 0.3.0 | 22.06 | 24.54 | 46.60 | OK | |
r-release-macos-arm64 | 0.3.0 | 28.00 | OK | |||
r-release-macos-x86_64 | 0.3.0 | 36.00 | OK | |||
r-release-windows-x86_64 | 0.3.0 | 46.00 | 81.00 | 127.00 | OK | |
r-oldrel-macos-arm64 | 0.3.0 | 34.00 | OK | |||
r-oldrel-macos-x86_64 | 0.3.0 | 49.00 | OK | |||
r-oldrel-windows-ix86+x86_64 | 0.3.0 | 67.00 | 73.00 | 140.00 | OK |
Version: 0.3.0
Check: C++ specification
Result: NOTE
Specified C++11: please update to current default of C++17
Flavors: r-devel-linux-x86_64-debian-gcc, r-devel-linux-x86_64-fedora-clang, r-devel-linux-x86_64-fedora-gcc, r-devel-windows-x86_64