Last updated on 2023-01-31 07:54:28 CET.
Flavor | Version | Tinstall | Tcheck | Ttotal | Status | Flags |
---|---|---|---|---|---|---|
r-devel-linux-x86_64-debian-clang | 1.3.2 | 7.42 | 114.97 | 122.39 | OK | |
r-devel-linux-x86_64-debian-gcc | 1.3.2 | 6.30 | 79.60 | 85.90 | OK | |
r-devel-linux-x86_64-fedora-clang | 1.3.2 | 148.70 | NOTE | |||
r-devel-linux-x86_64-fedora-gcc | 1.3.2 | 165.32 | OK | |||
r-devel-windows-x86_64 | 1.3.2 | 58.00 | 161.00 | 219.00 | OK | |
r-patched-linux-x86_64 | 1.3.2 | 9.78 | 103.32 | 113.10 | OK | |
r-release-linux-x86_64 | 1.3.2 | 6.81 | 100.73 | 107.54 | OK | |
r-release-macos-arm64 | 1.3.2 | 47.00 | OK | |||
r-release-macos-x86_64 | 1.3.2 | 59.00 | OK | |||
r-release-windows-x86_64 | 1.3.2 | 42.00 | 157.00 | 199.00 | OK | |
r-oldrel-macos-arm64 | 1.3.2 | 49.00 | OK | |||
r-oldrel-macos-x86_64 | 1.3.2 | 63.00 | OK | |||
r-oldrel-windows-ix86+x86_64 | 1.3.2 | 18.00 | 137.00 | 155.00 | OK |
Version: 1.3.2
Check: Rd cross-references
Result: NOTE
Undeclared package ‘rlang’ in Rd xrefs
Flavor: r-devel-linux-x86_64-fedora-clang