CRAN Package Check Results for Package tukeyGH

Last updated on 2023-02-06 06:52:12 CET.

Flavor Version Tinstall Tcheck Ttotal Status Flags
r-devel-linux-x86_64-debian-clang 1.0.0 3.00 60.81 63.81 OK
r-devel-linux-x86_64-debian-gcc 1.0.0 2.06 45.30 47.36 OK
r-devel-linux-x86_64-fedora-clang 1.0.0 79.57 NOTE
r-devel-linux-x86_64-fedora-gcc 1.0.0 80.22 NOTE
r-devel-windows-x86_64 1.0.0 21.00 91.00 112.00 OK
r-patched-linux-x86_64 1.0.0 3.45 58.67 62.12 OK
r-release-linux-x86_64 1.0.0 3.25 56.66 59.91 OK
r-release-macos-arm64 1.0.0 22.00 NOTE
r-release-macos-x86_64 1.0.0 32.00 NOTE
r-release-windows-x86_64 1.0.0 18.00 93.00 111.00 OK
r-oldrel-macos-arm64 1.0.0 26.00 NOTE
r-oldrel-macos-x86_64 1.0.0 48.00 NOTE
r-oldrel-windows-ix86+x86_64 1.0.0 10.00 87.00 97.00 OK

Check Details

Version: 1.0.0
Check: dependencies in R code
Result: NOTE
    Namespace in Imports field not imported from: ‘Rdpack’
     All declared Imports should be used.
Flavors: r-devel-linux-x86_64-fedora-clang, r-devel-linux-x86_64-fedora-gcc, r-release-macos-arm64, r-release-macos-x86_64, r-oldrel-macos-arm64, r-oldrel-macos-x86_64