Last updated on 2023-01-28 08:00:49 CET.
Flavor | Version | Tinstall | Tcheck | Ttotal | Status | Flags |
---|---|---|---|---|---|---|
r-devel-linux-x86_64-debian-clang | 0.9.9 | 7.23 | 66.16 | 73.39 | NOTE | |
r-devel-linux-x86_64-debian-gcc | 0.9.9 | 5.75 | 50.26 | 56.01 | NOTE | |
r-devel-linux-x86_64-fedora-clang | 0.9.9 | 92.22 | NOTE | |||
r-devel-linux-x86_64-fedora-gcc | 0.9.9 | 104.60 | NOTE | |||
r-patched-linux-x86_64 | 0.9.9 | 9.25 | 62.58 | 71.83 | NOTE | |
r-release-linux-x86_64 | 0.9.9 | 7.41 | 62.86 | 70.27 | NOTE | |
r-release-macos-arm64 | 0.9.9 | 28.00 | NOTE | |||
r-release-macos-x86_64 | 0.9.9 | 55.00 | NOTE | |||
r-release-windows-x86_64 | 0.9.9 | 38.00 | 115.00 | 153.00 | NOTE | |
r-oldrel-macos-arm64 | 0.9.9 | 32.00 | NOTE | |||
r-oldrel-macos-x86_64 | 0.9.9 | 42.00 | NOTE | |||
r-oldrel-windows-ix86+x86_64 | 0.9.9 | 16.00 | 93.00 | 109.00 | NOTE |
Version: 0.9.9
Check: LazyData
Result: NOTE
'LazyData' is specified without a 'data' directory
Flavors: r-devel-linux-x86_64-debian-clang, r-devel-linux-x86_64-debian-gcc, r-devel-linux-x86_64-fedora-clang, r-devel-linux-x86_64-fedora-gcc, r-patched-linux-x86_64, r-release-linux-x86_64, r-release-macos-arm64, r-release-macos-x86_64, r-release-windows-x86_64, r-oldrel-macos-arm64, r-oldrel-macos-x86_64, r-oldrel-windows-ix86+x86_64