Last updated on 2023-01-28 08:00:49 CET.
Flavor | Version | Tinstall | Tcheck | Ttotal | Status | Flags |
---|---|---|---|---|---|---|
r-devel-linux-x86_64-debian-clang | 0.3.3 | 9.46 | 39.71 | 49.17 | NOTE | |
r-devel-linux-x86_64-debian-gcc | 0.3.3 | 8.33 | 30.30 | 38.63 | NOTE | |
r-devel-linux-x86_64-fedora-clang | 0.3.3 | 62.30 | NOTE | |||
r-devel-linux-x86_64-fedora-gcc | 0.3.3 | 63.99 | NOTE | |||
r-patched-linux-x86_64 | 0.3.3 | 8.01 | 37.43 | 45.44 | OK | |
r-release-linux-x86_64 | 0.3.3 | 9.34 | 38.35 | 47.69 | OK | |
r-release-macos-arm64 | 0.3.3 | 22.00 | OK | |||
r-release-macos-x86_64 | 0.3.3 | 29.00 | OK | |||
r-release-windows-x86_64 | 0.3.3 | 32.00 | 75.00 | 107.00 | OK | |
r-oldrel-macos-arm64 | 0.3.3 | 25.00 | OK | |||
r-oldrel-macos-x86_64 | 0.3.3 | 42.00 | OK | |||
r-oldrel-windows-ix86+x86_64 | 0.3.3 | 22.00 | 77.00 | 99.00 | OK |
Version: 0.3.3
Check: package subdirectories
Result: NOTE
Problems with news in ‘NEWS.md’:
No news entries found.
Flavors: r-devel-linux-x86_64-debian-clang, r-devel-linux-x86_64-debian-gcc, r-devel-linux-x86_64-fedora-clang, r-devel-linux-x86_64-fedora-gcc