CRAN Package Check Results for Package tscount

Last updated on 2024-03-03 08:52:48 CET.

Flavor Version Tinstall Tcheck Ttotal Status Flags
r-devel-linux-x86_64-debian-clang 1.4.3 6.29 181.02 187.31 OK
r-devel-linux-x86_64-debian-gcc 1.4.3 5.13 127.81 132.94 OK
r-devel-linux-x86_64-fedora-clang 1.4.3 234.87 OK
r-devel-linux-x86_64-fedora-gcc 1.4.3 255.72 OK
r-devel-windows-x86_64 1.4.3 6.00 166.00 172.00 OK
r-patched-linux-x86_64 1.4.3 8.83 172.85 181.68 OK
r-release-linux-x86_64 1.4.3 5.60 181.37 186.97 OK
r-release-macos-arm64 1.4.3 75.00 NOTE
r-release-macos-x86_64 1.4.3 125.00 NOTE
r-release-windows-x86_64 1.4.3 7.00 201.00 208.00 OK
r-oldrel-macos-arm64 1.4.3 62.00 NOTE
r-oldrel-windows-x86_64 1.4.3 10.00 201.00 211.00 OK

Check Details

Version: 1.4.3
Check: re-building of vignette outputs
Result: NOTE Error(s) in re-building vignettes: ... --- re-building ‘tsglm.Rnw’ using Sweave Error: processing vignette 'tsglm.Rnw' failed with diagnostics: Running 'texi2dvi' on 'tsglm.tex' failed. LaTeX errors: !pdfTeX error: pdflatex (file bbm10): Font bbm10 at 657 not found ==> Fatal error occurred, no output PDF file produced! --- failed re-building 'tsglm.Rnw' SUMMARY: processing the following file failed: 'tsglm.Rnw' Error: Vignette re-building failed. Execution halted Flavors: r-release-macos-arm64, r-oldrel-macos-arm64

Version: 1.4.3
Check: re-building of vignette outputs
Result: NOTE Error(s) in re-building vignettes: ... --- re-building ‘tsglm.Rnw’ using Sweave Error: processing vignette 'tsglm.Rnw' failed with diagnostics: Running 'texi2dvi' on 'tsglm.tex' failed. LaTeX errors: ! LaTeX Error: File `mathabx.sty' not found. Type X to quit or <RETURN> to proceed, or enter new name. (Default extension: sty) ! Emergency stop. <read *> l.13 \usepackage {microtype}^^M ! ==> Fatal error occurred, no output PDF file produced! --- failed re-building 'tsglm.Rnw' SUMMARY: processing the following file failed: 'tsglm.Rnw' Error: Vignette re-building failed. Execution halted Flavor: r-release-macos-x86_64