Last updated on 2023-02-01 07:53:19 CET.
Flavor | Version | Tinstall | Tcheck | Ttotal | Status | Flags |
---|---|---|---|---|---|---|
r-devel-linux-x86_64-debian-clang | 1.0.0 | 46.23 | 171.03 | 217.26 | OK | |
r-devel-linux-x86_64-debian-gcc | 1.0.0 | 36.12 | 119.22 | 155.34 | OK | |
r-devel-linux-x86_64-fedora-clang | 1.0.0 | 267.99 | OK | |||
r-devel-linux-x86_64-fedora-gcc | 1.0.0 | 270.92 | OK | |||
r-devel-windows-x86_64 | 1.0.0 | 63.00 | 218.00 | 281.00 | OK | |
r-patched-linux-x86_64 | 1.0.0 | 36.85 | 154.18 | 191.03 | OK | |
r-release-linux-x86_64 | 1.0.0 | 29.87 | 155.49 | 185.36 | OK | |
r-release-macos-arm64 | 1.0.0 | 70.00 | OK | |||
r-release-macos-x86_64 | 1.0.0 | 124.00 | NOTE | |||
r-release-windows-x86_64 | 1.0.0 | 67.00 | 226.00 | 293.00 | OK | |
r-oldrel-macos-arm64 | 1.0.0 | 80.00 | OK | |||
r-oldrel-macos-x86_64 | 1.0.0 | 87.00 | OK | |||
r-oldrel-windows-ix86+x86_64 | 1.0.0 | 115.00 | 278.00 | 393.00 | OK |
Version: 1.0.0
Check: package dependencies
Result: NOTE
Package suggested but not available for checking: ‘MTS’
Flavor: r-release-macos-x86_64
Version: 1.0.0
Check: Rd cross-references
Result: NOTE
Package unavailable to check Rd xrefs: ‘MTS’
Flavor: r-release-macos-x86_64