Last updated on 2023-02-01 07:53:19 CET.
Flavor | Version | Tinstall | Tcheck | Ttotal | Status | Flags |
---|---|---|---|---|---|---|
r-devel-linux-x86_64-debian-clang | 0.8.7.3 | 44.00 | 75.74 | 119.74 | NOTE | |
r-devel-linux-x86_64-debian-gcc | 0.8.7.3 | 42.72 | 59.83 | 102.55 | NOTE | |
r-devel-linux-x86_64-fedora-clang | 0.8.7.3 | 164.64 | NOTE | |||
r-devel-linux-x86_64-fedora-gcc | 0.8.7.3 | 193.31 | NOTE | |||
r-devel-windows-x86_64 | 0.8.7.3 | 49.00 | 125.00 | 174.00 | NOTE | |
r-patched-linux-x86_64 | 0.8.7.3 | 42.45 | 77.12 | 119.57 | OK | |
r-release-linux-x86_64 | 0.8.7.3 | 44.06 | 91.93 | 135.99 | OK | |
r-release-macos-arm64 | 0.8.7.3 | 51.00 | NOTE | |||
r-release-macos-x86_64 | 0.8.7.3 | 70.00 | NOTE | |||
r-release-windows-x86_64 | 0.8.7.3 | 44.00 | 150.00 | 194.00 | OK | |
r-oldrel-macos-arm64 | 0.8.7.3 | 55.00 | NOTE | |||
r-oldrel-macos-x86_64 | 0.8.7.3 | 69.00 | NOTE | |||
r-oldrel-windows-ix86+x86_64 | 0.8.7.3 | 107.00 | 153.00 | 260.00 | OK |
Version: 0.8.7.3
Check: C++ specification
Result: NOTE
Specified C++11: please update to current default of C++17
Flavors: r-devel-linux-x86_64-debian-clang, r-devel-linux-x86_64-debian-gcc, r-devel-linux-x86_64-fedora-clang, r-devel-linux-x86_64-fedora-gcc, r-devel-windows-x86_64
Version: 0.8.7.3
Check: installed package size
Result: NOTE
installed size is 8.9Mb
sub-directories of 1Mb or more:
libs 8.6Mb
Flavors: r-release-macos-arm64, r-release-macos-x86_64, r-oldrel-macos-arm64, r-oldrel-macos-x86_64