CRAN Package Check Results for Package truelies

Last updated on 2023-02-05 07:57:39 CET.

Flavor Version Tinstall Tcheck Ttotal Status Flags
r-devel-linux-x86_64-debian-clang 0.2.0 2.02 28.30 30.32 NOTE
r-devel-linux-x86_64-debian-gcc 0.2.0 1.92 21.45 23.37 NOTE
r-devel-linux-x86_64-fedora-clang 0.2.0 38.43 NOTE
r-devel-linux-x86_64-fedora-gcc 0.2.0 39.88 NOTE
r-devel-windows-x86_64 0.2.0 20.00 62.00 82.00 NOTE
r-patched-linux-x86_64 0.2.0 2.73 26.44 29.17 NOTE
r-release-linux-x86_64 0.2.0 1.62 26.50 28.12 NOTE
r-release-macos-arm64 0.2.0 17.00 NOTE
r-release-macos-x86_64 0.2.0 27.00 NOTE
r-release-windows-x86_64 0.2.0 15.00 58.00 73.00 NOTE
r-oldrel-macos-arm64 0.2.0 20.00 NOTE
r-oldrel-macos-x86_64 0.2.0 29.00 NOTE
r-oldrel-windows-ix86+x86_64 0.2.0 6.00 52.00 58.00 NOTE

Check Details

Version: 0.2.0
Check: LazyData
Result: NOTE
     'LazyData' is specified without a 'data' directory
Flavors: r-devel-linux-x86_64-debian-clang, r-devel-linux-x86_64-debian-gcc, r-devel-linux-x86_64-fedora-clang, r-devel-linux-x86_64-fedora-gcc, r-devel-windows-x86_64, r-patched-linux-x86_64, r-release-linux-x86_64, r-release-macos-arm64, r-release-macos-x86_64, r-release-windows-x86_64, r-oldrel-macos-arm64, r-oldrel-macos-x86_64, r-oldrel-windows-ix86+x86_64