CRAN Package Check Results for Package triplot

Last updated on 2023-02-08 07:54:46 CET.

Flavor Version Tinstall Tcheck Ttotal Status Flags
r-devel-linux-x86_64-debian-clang 1.3.0 11.37 132.68 144.05 NOTE
r-devel-linux-x86_64-debian-gcc 1.3.0 9.95 95.49 105.44 NOTE
r-devel-linux-x86_64-fedora-clang 1.3.0 174.53 NOTE
r-devel-linux-x86_64-fedora-gcc 1.3.0 182.59 NOTE
r-devel-windows-x86_64 1.3.0 26.00 158.00 184.00 NOTE
r-patched-linux-x86_64 1.3.0 11.50 123.28 134.78 NOTE
r-release-linux-x86_64 1.3.0 9.04 122.23 131.27 NOTE
r-release-macos-arm64 1.3.0 46.00 NOTE
r-release-macos-x86_64 1.3.0 86.00 NOTE
r-release-windows-x86_64 1.3.0 30.00 185.00 215.00 NOTE
r-oldrel-macos-arm64 1.3.0 48.00 NOTE
r-oldrel-macos-x86_64 1.3.0 91.00 NOTE
r-oldrel-windows-ix86+x86_64 1.3.0 29.00 157.00 186.00 NOTE

Check Details

Version: 1.3.0
Check: LazyData
Result: NOTE
     'LazyData' is specified without a 'data' directory
Flavors: r-devel-linux-x86_64-debian-clang, r-devel-linux-x86_64-debian-gcc, r-devel-linux-x86_64-fedora-clang, r-devel-linux-x86_64-fedora-gcc, r-devel-windows-x86_64, r-patched-linux-x86_64, r-release-linux-x86_64, r-release-macos-arm64, r-release-macos-x86_64, r-release-windows-x86_64, r-oldrel-macos-arm64, r-oldrel-macos-x86_64, r-oldrel-windows-ix86+x86_64