CRAN Package Check Results for Package tripack

Last updated on 2023-01-30 09:54:28 CET.

Flavor Version Tinstall Tcheck Ttotal Status Flags
r-devel-linux-x86_64-debian-clang 1.3-9.1 6.42 39.13 45.55 OK
r-devel-linux-x86_64-debian-gcc 1.3-9.1 7.06 29.81 36.87 OK
r-devel-linux-x86_64-fedora-clang 1.3-9.1 60.03 NOTE
r-devel-linux-x86_64-fedora-gcc 1.3-9.1 59.85 OK
r-devel-windows-x86_64 1.3-9.1 40.00 90.00 130.00 OK
r-patched-linux-x86_64 1.3-9.1 8.12 36.76 44.88 OK
r-release-linux-x86_64 1.3-9.1 6.90 37.36 44.26 OK
r-release-macos-arm64 1.3-9.1 25.00 OK
r-release-macos-x86_64 1.3-9.1 32.00 OK
r-release-windows-x86_64 1.3-9.1 20.00 60.00 80.00 OK
r-oldrel-macos-arm64 1.3-9.1 30.00 OK
r-oldrel-macos-x86_64 1.3-9.1 44.00 OK
r-oldrel-windows-ix86+x86_64 1.3-9.1 22.00 51.00 73.00 OK

Check Details

Version: 1.3-9.1
Check: Rd cross-references
Result: NOTE
    Undeclared package ‘akima’ in Rd xrefs
Flavor: r-devel-linux-x86_64-fedora-clang