Last updated on 2023-03-28 07:53:17 CEST.
Flavor | Version | Tinstall | Tcheck | Ttotal | Status | Flags |
---|---|---|---|---|---|---|
r-devel-linux-x86_64-debian-clang | 0.1.8 | 5.34 | 45.24 | 50.58 | NOTE | |
r-devel-linux-x86_64-debian-gcc | 0.1.8 | 3.74 | 34.48 | 38.22 | NOTE | |
r-devel-linux-x86_64-fedora-clang | 0.1.8 | 63.55 | NOTE | |||
r-devel-linux-x86_64-fedora-gcc | 0.1.8 | 71.53 | NOTE | |||
r-patched-linux-x86_64 | 0.1.8 | 4.87 | 43.03 | 47.90 | NOTE | |
r-release-linux-x86_64 | 0.1.8 | 4.97 | 45.27 | 50.24 | NOTE | |
r-release-macos-arm64 | 0.1.8 | 24.00 | NOTE | |||
r-release-macos-x86_64 | 0.1.8 | 46.00 | NOTE | |||
r-release-windows-x86_64 | 0.1.8 | 25.00 | 78.00 | 103.00 | NOTE | |
r-oldrel-macos-arm64 | 0.1.8 | 30.00 | NOTE | |||
r-oldrel-macos-x86_64 | 0.1.8 | 39.00 | NOTE | |||
r-oldrel-windows-ix86+x86_64 | 0.1.8 | 12.00 | 72.00 | 84.00 | NOTE |
Version: 0.1.8
Check: LazyData
Result: NOTE
'LazyData' is specified without a 'data' directory
Flavors: r-devel-linux-x86_64-debian-clang, r-devel-linux-x86_64-debian-gcc, r-devel-linux-x86_64-fedora-clang, r-devel-linux-x86_64-fedora-gcc, r-patched-linux-x86_64, r-release-linux-x86_64, r-release-macos-arm64, r-release-macos-x86_64, r-release-windows-x86_64, r-oldrel-macos-arm64, r-oldrel-macos-x86_64, r-oldrel-windows-ix86+x86_64