Last updated on 2023-03-22 05:52:42 CET.
Flavor | Version | Tinstall | Tcheck | Ttotal | Status | Flags |
---|---|---|---|---|---|---|
r-devel-linux-x86_64-debian-clang | 0.0.1 | 18.82 | 36.99 | 55.81 | OK | |
r-devel-linux-x86_64-debian-gcc | 0.0.1 | 14.54 | 28.42 | 42.96 | OK | |
r-devel-linux-x86_64-fedora-clang | 0.0.1 | 78.91 | NOTE | |||
r-devel-linux-x86_64-fedora-gcc | 0.0.1 | 70.74 | NOTE | |||
r-patched-linux-x86_64 | 0.0.1 | 15.63 | 35.71 | 51.34 | OK | |
r-release-linux-x86_64 | 0.0.1 | 17.16 | 36.47 | 53.63 | OK | |
r-release-macos-arm64 | 0.0.1 | 26.00 | NOTE | |||
r-release-macos-x86_64 | 0.0.1 | 36.00 | NOTE | |||
r-release-windows-x86_64 | 0.0.1 | 40.00 | 85.00 | 125.00 | OK | |
r-oldrel-macos-arm64 | 0.0.1 | 28.00 | NOTE | |||
r-oldrel-macos-x86_64 | 0.0.1 | 36.00 | NOTE | |||
r-oldrel-windows-ix86+x86_64 | 0.0.1 | 47.00 | 87.00 | 134.00 | OK |
Version: 0.0.1
Check: dependencies in R code
Result: NOTE
Namespace in Imports field not imported from: ‘Rcpp’
All declared Imports should be used.
Flavors: r-devel-linux-x86_64-fedora-clang, r-devel-linux-x86_64-fedora-gcc, r-release-macos-arm64, r-release-macos-x86_64, r-oldrel-macos-arm64, r-oldrel-macos-x86_64
Version: 0.0.1
Check: Rd cross-references
Result: NOTE
Undeclared package ‘ISLR’ in Rd xrefs
Flavor: r-devel-linux-x86_64-fedora-clang