Last updated on 2023-02-06 06:52:12 CET.
Flavor | Version | Tinstall | Tcheck | Ttotal | Status | Flags |
---|---|---|---|---|---|---|
r-devel-linux-x86_64-debian-clang | 0.1.1 | 5.44 | 57.44 | 62.88 | OK | |
r-devel-linux-x86_64-debian-gcc | 0.1.1 | 3.28 | 43.52 | 46.80 | OK | |
r-devel-linux-x86_64-fedora-clang | 0.1.1 | 85.29 | NOTE | |||
r-devel-linux-x86_64-fedora-gcc | 0.1.1 | 89.92 | NOTE | |||
r-devel-windows-x86_64 | 0.1.1 | 56.00 | 92.00 | 148.00 | OK | |
r-patched-linux-x86_64 | 0.1.1 | 4.08 | 54.71 | 58.79 | OK | |
r-release-linux-x86_64 | 0.1.1 | 5.04 | 56.69 | 61.73 | OK | |
r-release-macos-arm64 | 0.1.1 | 30.00 | NOTE | |||
r-release-macos-x86_64 | 0.1.1 | 45.00 | NOTE | |||
r-release-windows-x86_64 | 0.1.1 | 50.00 | 99.00 | 149.00 | OK | |
r-oldrel-macos-arm64 | 0.1.1 | 28.00 | NOTE | |||
r-oldrel-macos-x86_64 | 0.1.1 | 43.00 | NOTE | |||
r-oldrel-windows-ix86+x86_64 | 0.1.1 | 13.00 | 92.00 | 105.00 | OK |
Version: 0.1.1
Check: data for non-ASCII characters
Result: NOTE
Note: found 827 marked UTF-8 strings
Flavors: r-devel-linux-x86_64-fedora-clang, r-devel-linux-x86_64-fedora-gcc, r-release-macos-arm64, r-release-macos-x86_64, r-oldrel-macos-arm64, r-oldrel-macos-x86_64