CRAN Package Check Results for Package tranSurv

Last updated on 2024-05-18 08:58:04 CEST.

Flavor Version Tinstall Tcheck Ttotal Status Flags
r-devel-linux-x86_64-debian-clang 1.2.2 12.89 93.12 106.01 NOTE
r-devel-linux-x86_64-debian-gcc 1.2.2 9.02 68.02 77.04 NOTE
r-devel-linux-x86_64-fedora-clang 1.2.2 134.79 NOTE
r-devel-linux-x86_64-fedora-gcc 1.2.2 176.42 NOTE
r-devel-windows-x86_64 1.2.2 13.00 85.00 98.00 NOTE
r-patched-linux-x86_64 1.2.2 15.14 89.20 104.34 NOTE
r-release-linux-x86_64 1.2.2 10.60 88.89 99.49 NOTE
r-release-macos-arm64 1.2.2 39.00 NOTE
r-release-windows-x86_64 1.2.2 14.00 84.00 98.00 NOTE
r-oldrel-macos-arm64 1.2.2 43.00 NOTE
r-oldrel-macos-x86_64 1.2.2 70.00 NOTE
r-oldrel-windows-x86_64 1.2.2 17.00 99.00 116.00 NOTE

Check Details

Version: 1.2.2
Check: LazyData
Result: NOTE 'LazyData' is specified without a 'data' directory Flavors: r-devel-linux-x86_64-debian-clang, r-devel-linux-x86_64-debian-gcc, r-devel-linux-x86_64-fedora-clang, r-devel-linux-x86_64-fedora-gcc, r-devel-windows-x86_64, r-patched-linux-x86_64, r-release-linux-x86_64, r-release-macos-arm64, r-release-windows-x86_64, r-oldrel-macos-arm64, r-oldrel-macos-x86_64, r-oldrel-windows-x86_64