CRAN Package Check Results for Package trajeR

Last updated on 2023-09-21 07:55:10 CEST.

Flavor Version Tinstall Tcheck Ttotal Status Flags
r-devel-linux-x86_64-debian-clang 0.9.0.5 342.45 78.45 420.90 NOTE
r-devel-linux-x86_64-debian-gcc 0.9.0.5 212.86 57.82 270.68 NOTE
r-devel-linux-x86_64-fedora-clang 0.9.0.5 600.63 NOTE
r-devel-linux-x86_64-fedora-gcc 0.9.0.5 596.86 NOTE
r-devel-windows-x86_64 0.9.0.5 199.00 101.00 300.00 NOTE
r-patched-linux-x86_64 0.9.0.5 288.04 74.33 362.37 NOTE
r-release-linux-x86_64 0.9.0.5 284.03 76.45 360.48 NOTE
r-release-macos-arm64 0.9.0.5 112.00 NOTE
r-release-macos-x86_64 0.9.0.5 218.00 NOTE
r-release-windows-x86_64 0.9.0.5 268.00 124.00 392.00 NOTE
r-oldrel-macos-arm64 0.9.0.5 114.00 NOTE
r-oldrel-macos-x86_64 0.9.0.5 151.00 NOTE
r-oldrel-windows-x86_64 0.9.0.5 248.00 108.00 356.00 OK

Check Details

Version: 0.9.0.5
Check: C++ specification
Result: NOTE
     Specified C++11: please drop specification unless essential
Flavors: r-devel-linux-x86_64-debian-clang, r-devel-linux-x86_64-debian-gcc, r-devel-linux-x86_64-fedora-clang, r-devel-linux-x86_64-fedora-gcc, r-devel-windows-x86_64, r-patched-linux-x86_64, r-release-linux-x86_64, r-release-macos-arm64, r-release-macos-x86_64, r-release-windows-x86_64

Version: 0.9.0.5
Check: installed package size
Result: NOTE
     installed size is 17.5Mb
     sub-directories of 1Mb or more:
     libs 16.8Mb
Flavors: r-release-macos-arm64, r-release-macos-x86_64, r-oldrel-macos-arm64, r-oldrel-macos-x86_64