Last updated on 2023-02-07 07:54:17 CET.
Flavor | Version | Tinstall | Tcheck | Ttotal | Status | Flags |
---|---|---|---|---|---|---|
r-devel-linux-x86_64-debian-clang | 0.9.0.5 | 365.87 | 77.77 | 443.64 | NOTE | |
r-devel-linux-x86_64-debian-gcc | 0.9.0.5 | 229.96 | 58.15 | 288.11 | NOTE | |
r-devel-linux-x86_64-fedora-clang | 0.9.0.5 | 593.28 | NOTE | |||
r-devel-linux-x86_64-fedora-gcc | 0.9.0.5 | 519.03 | NOTE | |||
r-devel-windows-x86_64 | 0.9.0.5 | 217.00 | 136.00 | 353.00 | NOTE | |
r-patched-linux-x86_64 | 0.9.0.5 | 249.01 | 73.43 | 322.44 | OK | |
r-release-linux-x86_64 | 0.9.0.5 | 250.47 | 73.97 | 324.44 | OK | |
r-release-macos-arm64 | 0.9.0.5 | 104.00 | NOTE | |||
r-release-macos-x86_64 | 0.9.0.5 | 151.00 | NOTE | |||
r-release-windows-x86_64 | 0.9.0.5 | 248.00 | 130.00 | 378.00 | OK | |
r-oldrel-macos-arm64 | 0.9.0.5 | 103.00 | NOTE | |||
r-oldrel-macos-x86_64 | 0.9.0.5 | 148.00 | NOTE | |||
r-oldrel-windows-ix86+x86_64 | 0.9.0.5 | 604.00 | 140.00 | 744.00 | NOTE |
Version: 0.9.0.5
Check: C++ specification
Result: NOTE
Specified C++11: please update to current default of C++17
Flavors: r-devel-linux-x86_64-debian-clang, r-devel-linux-x86_64-debian-gcc, r-devel-linux-x86_64-fedora-clang, r-devel-linux-x86_64-fedora-gcc, r-devel-windows-x86_64
Version: 0.9.0.5
Check: installed package size
Result: NOTE
installed size is 17.8Mb
sub-directories of 1Mb or more:
libs 17.1Mb
Flavors: r-release-macos-arm64, r-release-macos-x86_64, r-oldrel-macos-arm64, r-oldrel-macos-x86_64, r-oldrel-windows-ix86+x86_64