Last updated on 2023-02-06 06:52:12 CET.
Flavor | Version | Tinstall | Tcheck | Ttotal | Status | Flags |
---|---|---|---|---|---|---|
r-devel-linux-x86_64-debian-clang | 0.3.1 | 8.91 | 111.56 | 120.47 | OK | |
r-devel-linux-x86_64-debian-gcc | 0.3.1 | 5.74 | 81.74 | 87.48 | OK | |
r-devel-linux-x86_64-fedora-clang | 0.3.1 | 152.89 | NOTE | |||
r-devel-linux-x86_64-fedora-gcc | 0.3.1 | 155.39 | OK | |||
r-devel-windows-x86_64 | 0.3.1 | 48.00 | 155.00 | 203.00 | OK | |
r-patched-linux-x86_64 | 0.3.1 | 7.61 | 103.67 | 111.28 | OK | |
r-release-linux-x86_64 | 0.3.1 | 8.69 | 98.90 | 107.59 | OK | |
r-release-macos-arm64 | 0.3.1 | 42.00 | OK | |||
r-release-macos-x86_64 | 0.3.1 | 59.00 | OK | |||
r-release-windows-x86_64 | 0.3.1 | 22.00 | 158.00 | 180.00 | OK | |
r-oldrel-macos-arm64 | 0.3.1 | 52.00 | OK | |||
r-oldrel-macos-x86_64 | 0.3.1 | 66.00 | OK | |||
r-oldrel-windows-ix86+x86_64 | 0.3.1 | 22.00 | 144.00 | 166.00 | OK |
Version: 0.3.1
Check: Rd cross-references
Result: NOTE
Undeclared package ‘rlang’ in Rd xrefs
Flavor: r-devel-linux-x86_64-fedora-clang