Last updated on 2025-01-23 09:49:31 CET.
Flavor | Version | Tinstall | Tcheck | Ttotal | Status | Flags |
---|---|---|---|---|---|---|
r-devel-linux-x86_64-debian-clang | 0.1-6 | 19.69 | 35.52 | 55.21 | NOTE | |
r-devel-linux-x86_64-debian-gcc | 0.1-6 | 14.82 | 29.16 | 43.98 | NOTE | |
r-devel-linux-x86_64-fedora-clang | 0.1-6 | 94.78 | NOTE | |||
r-devel-linux-x86_64-fedora-gcc | 0.1-6 | 94.73 | NOTE | |||
r-devel-windows-x86_64 | 0.1-6 | 22.00 | 80.00 | 102.00 | NOTE | |
r-patched-linux-x86_64 | 0.1-6 | 21.72 | 34.48 | 56.20 | NOTE | |
r-release-linux-x86_64 | 0.1-6 | 20.52 | 33.99 | 54.51 | NOTE | |
r-release-macos-arm64 | 0.1-6 | 34.00 | NOTE | |||
r-release-macos-x86_64 | 0.1-6 | 42.00 | NOTE | |||
r-release-windows-x86_64 | 0.1-6 | 24.00 | 77.00 | 101.00 | NOTE | |
r-oldrel-macos-arm64 | 0.1-6 | 36.00 | NOTE | |||
r-oldrel-macos-x86_64 | 0.1-6 | 54.00 | NOTE | |||
r-oldrel-windows-x86_64 | 0.1-6 | 21.00 | 85.00 | 106.00 | NOTE |
Version: 0.1-6
Check: C++ specification
Result: NOTE
Specified C++11: please drop specification unless essential
Flavors: r-devel-linux-x86_64-debian-clang, r-devel-linux-x86_64-debian-gcc, r-devel-linux-x86_64-fedora-clang, r-devel-linux-x86_64-fedora-gcc, r-devel-windows-x86_64, r-patched-linux-x86_64, r-release-linux-x86_64, r-release-macos-arm64, r-release-macos-x86_64, r-release-windows-x86_64, r-oldrel-macos-arm64, r-oldrel-macos-x86_64, r-oldrel-windows-x86_64