CRAN Package Check Results for Package torchdatasets

Last updated on 2023-02-07 07:54:17 CET.

Flavor Version Tinstall Tcheck Ttotal Status Flags
r-devel-linux-x86_64-debian-clang 0.2.0 4.80 42.51 47.31 OK
r-devel-linux-x86_64-debian-gcc 0.2.0 3.59 33.28 36.87 OK
r-devel-linux-x86_64-fedora-clang 0.2.0 62.25 NOTE
r-devel-linux-x86_64-fedora-gcc 0.2.0 60.42 NOTE
r-devel-windows-x86_64 0.2.0 25.00 69.00 94.00 OK
r-patched-linux-x86_64 0.2.0 5.07 42.06 47.13 OK
r-release-linux-x86_64 0.2.0 4.96 41.67 46.63 OK
r-release-macos-arm64 0.2.0 26.00 NOTE
r-release-macos-x86_64 0.2.0 28.00 NOTE
r-release-windows-x86_64 0.2.0 16.00 77.00 93.00 OK
r-oldrel-macos-arm64 0.2.0 29.00 NOTE
r-oldrel-macos-x86_64 0.2.0 35.00 NOTE
r-oldrel-windows-ix86+x86_64 0.2.0 13.00 73.00 86.00 OK

Check Details

Version: 0.2.0
Check: dependencies in R code
Result: NOTE
    Namespaces in Imports field not imported from:
     ‘stringr’ ‘torch’
     All declared Imports should be used.
Flavors: r-devel-linux-x86_64-fedora-clang, r-devel-linux-x86_64-fedora-gcc, r-release-macos-arm64, r-release-macos-x86_64, r-oldrel-macos-arm64, r-oldrel-macos-x86_64