Last updated on 2023-02-07 07:54:17 CET.
Flavor | Version | Tinstall | Tcheck | Ttotal | Status | Flags |
---|---|---|---|---|---|---|
r-devel-linux-x86_64-debian-clang | 1.0.1 | 46.77 | 34.91 | 81.68 | OK | |
r-devel-linux-x86_64-debian-gcc | 1.0.1 | 39.30 | 28.40 | 67.70 | OK | |
r-devel-linux-x86_64-fedora-clang | 1.0.1 | 110.13 | NOTE | |||
r-devel-linux-x86_64-fedora-gcc | 1.0.1 | 111.87 | OK | |||
r-devel-windows-x86_64 | 1.0.1 | 48.00 | 69.00 | 117.00 | NOTE | |
r-patched-linux-x86_64 | 1.0.1 | 43.59 | 34.90 | 78.49 | OK | |
r-release-linux-x86_64 | 1.0.1 | 46.13 | 35.81 | 81.94 | OK | |
r-release-macos-arm64 | 1.0.1 | 56.00 | NOTE | |||
r-release-macos-x86_64 | 1.0.1 | 57.00 | NOTE | |||
r-release-windows-x86_64 | 1.0.1 | 49.00 | 70.00 | 119.00 | NOTE | |
r-oldrel-macos-arm64 | 1.0.1 | 52.00 | NOTE | |||
r-oldrel-macos-x86_64 | 1.0.1 | 64.00 | NOTE | |||
r-oldrel-windows-ix86+x86_64 | 1.0.1 | 65.00 | 65.00 | 130.00 | NOTE |
Version: 1.0.1
Check: installed package size
Result: NOTE
installed size is 7.3Mb
sub-directories of 1Mb or more:
data 7.2Mb
Flavors: r-devel-linux-x86_64-fedora-clang, r-devel-windows-x86_64, r-release-macos-arm64, r-release-macos-x86_64, r-release-windows-x86_64, r-oldrel-macos-arm64, r-oldrel-macos-x86_64, r-oldrel-windows-ix86+x86_64