CRAN Package Check Results for Package tongfen

Last updated on 2024-02-26 08:49:00 CET.

Flavor Version Tinstall Tcheck Ttotal Status Flags
r-devel-linux-x86_64-debian-clang 0.3.5 10.57 149.90 160.47 OK
r-devel-linux-x86_64-debian-gcc 0.3.5 8.44 109.68 118.12 OK
r-devel-linux-x86_64-fedora-clang 0.3.5 190.04 NOTE
r-devel-linux-x86_64-fedora-gcc 0.3.5 202.88 NOTE
r-devel-windows-x86_64 0.3.5 11.00 127.00 138.00 OK
r-patched-linux-x86_64 0.3.5 9.87 142.45 152.32 OK
r-release-linux-x86_64 0.3.5 6.62 143.77 150.39 OK
r-release-macos-arm64 0.3.5 68.00 OK
r-release-macos-x86_64 0.3.5 107.00 OK
r-release-windows-x86_64 0.3.5 13.00 152.00 165.00 OK
r-oldrel-macos-arm64 0.3.5 69.00 NOTE
r-oldrel-windows-x86_64 0.3.5 14.00 154.00 168.00 OK

Check Details

Version: 0.3.5
Check: data for non-ASCII characters
Result: NOTE Note: found 160 marked UTF-8 strings Flavors: r-devel-linux-x86_64-fedora-clang, r-devel-linux-x86_64-fedora-gcc, r-oldrel-macos-arm64