CRAN Package Check Results for Package tokenbrowser

Last updated on 2023-02-07 07:54:17 CET.

Flavor Version Tinstall Tcheck Ttotal Status Flags
r-devel-linux-x86_64-debian-clang 0.1.5 27.64 46.29 73.93 NOTE
r-devel-linux-x86_64-debian-gcc 0.1.5 19.65 36.12 55.77 NOTE
r-devel-linux-x86_64-fedora-clang 0.1.5 103.05 NOTE
r-devel-linux-x86_64-fedora-gcc 0.1.5 93.64 NOTE
r-devel-windows-x86_64 0.1.5 58.00 96.00 154.00 NOTE
r-patched-linux-x86_64 0.1.5 21.16 43.38 64.54 OK
r-release-linux-x86_64 0.1.5 22.28 44.31 66.59 OK
r-release-macos-arm64 0.1.5 33.00 OK
r-release-macos-x86_64 0.1.5 41.00 OK
r-release-windows-x86_64 0.1.5 53.00 107.00 160.00 OK
r-oldrel-macos-arm64 0.1.5 40.00 OK
r-oldrel-macos-x86_64 0.1.5 59.00 OK
r-oldrel-windows-ix86+x86_64 0.1.5 64.00 114.00 178.00 OK

Check Details

Version: 0.1.5
Check: C++ specification
Result: NOTE
     Specified C++11: please update to current default of C++17
Flavors: r-devel-linux-x86_64-debian-clang, r-devel-linux-x86_64-debian-gcc, r-devel-linux-x86_64-fedora-clang, r-devel-linux-x86_64-fedora-gcc, r-devel-windows-x86_64