CRAN Package Check Results for Package tmod

Last updated on 2024-02-26 08:49:00 CET.

Flavor Version Tinstall Tcheck Ttotal Status Flags
r-devel-linux-x86_64-debian-clang 0.50.13 12.72 157.67 170.39 NOTE
r-devel-linux-x86_64-debian-gcc 0.50.13 9.48 118.36 127.84 NOTE
r-devel-linux-x86_64-fedora-clang 0.50.13 202.48 NOTE
r-devel-linux-x86_64-fedora-gcc 0.50.13 207.08 NOTE
r-devel-windows-x86_64 0.50.13 11.00 144.00 155.00 OK
r-patched-linux-x86_64 0.50.13 12.12 151.14 163.26 OK
r-release-linux-x86_64 0.50.13 10.10 151.87 161.97 OK
r-release-macos-arm64 0.50.13 74.00 OK
r-release-macos-x86_64 0.50.13 112.00 OK
r-release-windows-x86_64 0.50.13 14.00 175.00 189.00 OK
r-oldrel-macos-arm64 0.50.13 80.00 OK
r-oldrel-windows-x86_64 0.50.13 15.00 172.00 187.00 OK

Check Details

Version: 0.50.13
Check: Rd files
Result: NOTE checkRd: (-1) pvalEffectPlot.Rd:90: Lost braces in \itemize; meant \describe ? checkRd: (-1) pvalEffectPlot.Rd:91: Lost braces in \itemize; meant \describe ? checkRd: (-1) pvalEffectPlot.Rd:92: Lost braces in \itemize; meant \describe ? checkRd: (-1) pvalEffectPlot.Rd:93: Lost braces in \itemize; meant \describe ? checkRd: (-1) pvalEffectPlot.Rd:94: Lost braces in \itemize; meant \describe ? Flavors: r-devel-linux-x86_64-debian-clang, r-devel-linux-x86_64-debian-gcc

Version: 0.50.13
Check: data for non-ASCII characters
Result: NOTE Note: found 1 marked UTF-8 string Flavors: r-devel-linux-x86_64-fedora-clang, r-devel-linux-x86_64-fedora-gcc