CRAN Package Check Results for Package titrationCurves

Last updated on 2023-03-25 07:02:35 CET.

Flavor Version Tinstall Tcheck Ttotal Status Flags
r-devel-linux-x86_64-debian-clang 0.1.0 2.50 41.45 43.95 NOTE
r-devel-linux-x86_64-debian-gcc 0.1.0 2.50 32.27 34.77 NOTE
r-devel-linux-x86_64-fedora-clang 0.1.0 58.62 NOTE
r-devel-linux-x86_64-fedora-gcc 0.1.0 65.92 NOTE
r-patched-linux-x86_64 0.1.0 3.21 40.30 43.51 NOTE
r-release-linux-x86_64 0.1.0 2.33 38.93 41.26 NOTE
r-release-macos-arm64 0.1.0 22.00 NOTE
r-release-macos-x86_64 0.1.0 26.00 NOTE
r-release-windows-x86_64 0.1.0 35.00 121.00 156.00 NOTE
r-oldrel-macos-arm64 0.1.0 19.00 NOTE
r-oldrel-macos-x86_64 0.1.0 31.00 NOTE
r-oldrel-windows-ix86+x86_64 0.1.0 6.00 82.00 88.00 NOTE

Check Details

Version: 0.1.0
Check: LazyData
Result: NOTE
     'LazyData' is specified without a 'data' directory
Flavors: r-devel-linux-x86_64-debian-clang, r-devel-linux-x86_64-debian-gcc, r-devel-linux-x86_64-fedora-clang, r-devel-linux-x86_64-fedora-gcc, r-patched-linux-x86_64, r-release-linux-x86_64, r-release-macos-arm64, r-release-macos-x86_64, r-release-windows-x86_64, r-oldrel-macos-arm64, r-oldrel-macos-x86_64, r-oldrel-windows-ix86+x86_64