CRAN Package Check Results for Package titrationCurves

Last updated on 2023-10-02 07:56:42 CEST.

Flavor Version Tinstall Tcheck Ttotal Status Flags
r-devel-linux-x86_64-debian-clang 0.1.0 3.16 42.13 45.29 NOTE
r-devel-linux-x86_64-debian-gcc 0.1.0 2.33 32.43 34.76 NOTE
r-devel-linux-x86_64-fedora-clang 0.1.0 57.48 NOTE
r-devel-linux-x86_64-fedora-gcc 0.1.0 68.45 NOTE
r-devel-windows-x86_64 0.1.0 4.00 115.00 119.00 NOTE
r-patched-linux-x86_64 0.1.0 3.11 41.42 44.53 NOTE
r-release-linux-x86_64 0.1.0 3.43 40.33 43.76 NOTE
r-release-macos-arm64 0.1.0 30.00 NOTE
r-release-macos-x86_64 0.1.0 37.00 NOTE
r-release-windows-x86_64 0.1.0 4.00 54.00 58.00 NOTE
r-oldrel-macos-arm64 0.1.0 23.00 NOTE
r-oldrel-macos-x86_64 0.1.0 26.00 NOTE
r-oldrel-windows-x86_64 0.1.0 6.00 56.00 62.00 NOTE

Check Details

Version: 0.1.0
Check: LazyData
Result: NOTE
     'LazyData' is specified without a 'data' directory
Flavors: r-devel-linux-x86_64-debian-clang, r-devel-linux-x86_64-debian-gcc, r-devel-linux-x86_64-fedora-clang, r-devel-linux-x86_64-fedora-gcc, r-devel-windows-x86_64, r-patched-linux-x86_64, r-release-linux-x86_64, r-release-macos-arm64, r-release-macos-x86_64, r-release-windows-x86_64, r-oldrel-macos-arm64, r-oldrel-macos-x86_64, r-oldrel-windows-x86_64