Last updated on 2023-01-29 08:57:16 CET.
Flavor | Version | Tinstall | Tcheck | Ttotal | Status | Flags |
---|---|---|---|---|---|---|
r-devel-linux-x86_64-debian-clang | 0.1.0 | 2.39 | 28.29 | 30.68 | NOTE | |
r-devel-linux-x86_64-debian-gcc | 0.1.0 | 2.42 | 22.72 | 25.14 | NOTE | |
r-devel-linux-x86_64-fedora-clang | 0.1.0 | 39.64 | NOTE | |||
r-devel-linux-x86_64-fedora-gcc | 0.1.0 | 39.56 | NOTE | |||
r-devel-windows-x86_64 | 0.1.0 | 15.00 | 67.00 | 82.00 | NOTE | |
r-patched-linux-x86_64 | 0.1.0 | 2.98 | 29.21 | 32.19 | NOTE | |
r-release-linux-x86_64 | 0.1.0 | 2.49 | 29.97 | 32.46 | NOTE | |
r-release-macos-arm64 | 0.1.0 | 16.00 | NOTE | |||
r-release-macos-x86_64 | 0.1.0 | 31.00 | NOTE | |||
r-release-windows-x86_64 | 0.1.0 | 15.00 | 64.00 | 79.00 | NOTE | |
r-oldrel-macos-arm64 | 0.1.0 | 19.00 | NOTE | |||
r-oldrel-macos-x86_64 | 0.1.0 | 24.00 | NOTE | |||
r-oldrel-windows-ix86+x86_64 | 0.1.0 | 9.00 | 57.00 | 66.00 | NOTE |
Version: 0.1.0
Check: LazyData
Result: NOTE
'LazyData' is specified without a 'data' directory
Flavors: r-devel-linux-x86_64-debian-clang, r-devel-linux-x86_64-debian-gcc, r-devel-linux-x86_64-fedora-clang, r-devel-linux-x86_64-fedora-gcc, r-devel-windows-x86_64, r-patched-linux-x86_64, r-release-linux-x86_64, r-release-macos-arm64, r-release-macos-x86_64, r-release-windows-x86_64, r-oldrel-macos-arm64, r-oldrel-macos-x86_64, r-oldrel-windows-ix86+x86_64