Last updated on 2023-05-30 08:02:33 CEST.
Flavor | Version | Tinstall | Tcheck | Ttotal | Status | Flags |
---|---|---|---|---|---|---|
r-devel-linux-x86_64-debian-clang | 2.8.3 | 25.79 | 335.81 | 361.60 | OK | |
r-devel-linux-x86_64-debian-gcc | 2.8.3 | 20.23 | 280.14 | 300.37 | OK | |
r-devel-linux-x86_64-fedora-clang | 2.8.3 | 488.34 | NOTE | |||
r-devel-linux-x86_64-fedora-gcc | 2.8.3 | 494.41 | NOTE | |||
r-devel-windows-x86_64 | 2.8.3 | 22.00 | 299.00 | 321.00 | OK | |
r-patched-linux-x86_64 | 2.8.3 | 27.32 | 357.15 | 384.47 | OK | |
r-release-linux-x86_64 | 2.8.3 | 16.49 | 355.09 | 371.58 | OK | |
r-release-macos-arm64 | 2.8.3 | 137.00 | OK | |||
r-release-macos-x86_64 | 2.8.3 | 239.00 | OK | |||
r-release-windows-x86_64 | 2.8.3 | 29.00 | 393.00 | 422.00 | OK | |
r-oldrel-macos-arm64 | 2.8.3 | 135.00 | OK | |||
r-oldrel-macos-x86_64 | 2.8.3 | 164.00 | OK | |||
r-oldrel-windows-x86_64 | 2.8.3 | 30.00 | 372.00 | 402.00 | OK |
Version: 2.8.3
Check: package dependencies
Result: NOTE
Imports includes 26 non-default packages.
Importing from so many packages makes the package vulnerable to any of
them becoming unavailable. Move as many as possible to Suggests and
use conditionally.
Flavor: r-devel-linux-x86_64-fedora-clang
Version: 2.8.3
Check: data for non-ASCII characters
Result: NOTE
Note: found 2750 marked UTF-8 strings
Flavors: r-devel-linux-x86_64-fedora-clang, r-devel-linux-x86_64-fedora-gcc