Last updated on 2023-01-27 07:50:46 CET.
Flavor | Version | Tinstall | Tcheck | Ttotal | Status | Flags |
---|---|---|---|---|---|---|
r-devel-linux-x86_64-debian-clang | 0.2.0 | 34.69 | 29.07 | 63.76 | OK | |
r-devel-linux-x86_64-debian-gcc | 0.2.0 | 23.85 | 22.88 | 46.73 | NOTE | |
r-devel-linux-x86_64-fedora-clang | 0.2.0 | 100.43 | NOTE | |||
r-devel-linux-x86_64-fedora-gcc | 0.2.0 | 85.32 | NOTE | |||
r-patched-linux-x86_64 | 0.2.0 | 30.85 | 28.94 | 59.79 | OK | |
r-release-linux-x86_64 | 0.2.0 | 31.02 | 28.96 | 59.98 | OK | |
r-release-macos-arm64 | 0.2.0 | 37.00 | OK | |||
r-release-macos-x86_64 | 0.2.0 | 56.00 | OK | |||
r-release-windows-x86_64 | 0.2.0 | 183.00 | 77.00 | 260.00 | OK | |
r-oldrel-macos-arm64 | 0.2.0 | 38.00 | OK | |||
r-oldrel-macos-x86_64 | 0.2.0 | 62.00 | OK | |||
r-oldrel-windows-ix86+x86_64 | 0.2.0 | 102.00 | 88.00 | 190.00 | OK |
Version: 0.2.0
Check: C++ specification
Result: NOTE
Specified C++11: please update to current default of C++17
Flavors: r-devel-linux-x86_64-debian-gcc, r-devel-linux-x86_64-fedora-clang, r-devel-linux-x86_64-fedora-gcc