CRAN Package Check Results for Package tiler

Last updated on 2023-02-04 08:01:31 CET.

Flavor Version Tinstall Tcheck Ttotal Status Flags
r-devel-linux-x86_64-debian-clang 0.2.5 2.65 61.07 63.72 NOTE
r-devel-linux-x86_64-debian-gcc 0.2.5 1.87 45.08 46.95 NOTE
r-devel-linux-x86_64-fedora-clang 0.2.5 77.94 NOTE
r-devel-linux-x86_64-fedora-gcc 0.2.5 88.62 NOTE
r-devel-windows-x86_64 0.2.5 25.00 89.00 114.00 NOTE
r-patched-linux-x86_64 0.2.5 2.15 57.47 59.62 NOTE
r-release-linux-x86_64 0.2.5 2.43 59.69 62.12 NOTE
r-release-macos-arm64 0.2.5 25.00 NOTE
r-release-macos-x86_64 0.2.5 36.00 NOTE
r-release-windows-x86_64 0.2.5 21.00 97.00 118.00 NOTE
r-oldrel-macos-arm64 0.2.5 25.00 NOTE
r-oldrel-macos-x86_64 0.2.5 34.00 NOTE
r-oldrel-windows-ix86+x86_64 0.2.5 6.00 87.00 93.00 NOTE

Check Details

Version: 0.2.5
Check: LazyData
Result: NOTE
     'LazyData' is specified without a 'data' directory
Flavors: r-devel-linux-x86_64-debian-clang, r-devel-linux-x86_64-debian-gcc, r-devel-linux-x86_64-fedora-clang, r-devel-linux-x86_64-fedora-gcc, r-devel-windows-x86_64, r-patched-linux-x86_64, r-release-linux-x86_64, r-release-macos-arm64, r-release-macos-x86_64, r-release-windows-x86_64, r-oldrel-macos-arm64, r-oldrel-macos-x86_64, r-oldrel-windows-ix86+x86_64

Version: 0.2.5
Check: dependencies in R code
Result: NOTE
    Namespace in Imports field not imported from: ‘rgdal’
     All declared Imports should be used.
Flavors: r-devel-linux-x86_64-fedora-clang, r-devel-linux-x86_64-fedora-gcc, r-release-macos-arm64, r-release-macos-x86_64, r-oldrel-macos-arm64, r-oldrel-macos-x86_64