CRAN Package Check Results for Package tiledb

Last updated on 2024-02-23 07:52:23 CET.

Flavor Version Tinstall Tcheck Ttotal Status Flags
r-devel-linux-x86_64-debian-clang 0.23.0 NOTE
r-devel-linux-x86_64-debian-gcc 0.24.0 160.43 147.60 308.03 OK
r-devel-linux-x86_64-fedora-clang 0.24.0 540.53 NOTE
r-devel-linux-x86_64-fedora-gcc 0.24.0 587.53 OK
r-devel-windows-x86_64 0.23.0 148.00 400.00 548.00 NOTE
r-patched-linux-x86_64 0.23.0 205.47 189.01 394.48 OK
r-release-linux-x86_64 0.23.0 196.51 203.86 400.37 OK
r-release-macos-arm64 0.24.0 151.00 NOTE
r-release-macos-x86_64 0.24.0 317.00 NOTE
r-release-windows-x86_64 0.23.0 192.00 461.00 653.00 NOTE
r-oldrel-macos-arm64 0.24.0 139.00 NOTE
r-oldrel-windows-x86_64 0.23.0 186.00 369.00 555.00 NOTE

Check Details

Version: 0.23.0
Check: package dependencies
Result: NOTE Package suggested but not available for checking: ‘arrow’ Flavor: r-devel-linux-x86_64-debian-clang

Version: 0.24.0
Check: package dependencies
Result: NOTE Package suggested but not available for checking: ‘arrow’ Flavor: r-devel-linux-x86_64-fedora-clang

Version: 0.24.0
Check: installed package size
Result: NOTE installed size is 85.5Mb sub-directories of 1Mb or more: libs 2.2Mb tiledb 80.9Mb Flavors: r-devel-linux-x86_64-fedora-clang, r-release-macos-arm64, r-release-macos-x86_64, r-oldrel-macos-arm64

Version: 0.23.0
Check: installed package size
Result: NOTE installed size is 22.2Mb sub-directories of 1Mb or more: libs 19.9Mb Flavors: r-devel-windows-x86_64, r-release-windows-x86_64, r-oldrel-windows-x86_64