Last updated on 2023-05-30 08:02:33 CEST.
Flavor | Version | Tinstall | Tcheck | Ttotal | Status | Flags |
---|---|---|---|---|---|---|
r-devel-linux-x86_64-debian-clang | 1.0.8 | 181.24 | 59.46 | 240.70 | NOTE | |
r-devel-linux-x86_64-debian-gcc | 1.0.8 | 140.72 | 45.43 | 186.15 | NOTE | |
r-devel-linux-x86_64-fedora-clang | 1.0.8 | 383.20 | NOTE | |||
r-devel-linux-x86_64-fedora-gcc | 1.0.8 | 368.14 | NOTE | |||
r-devel-windows-x86_64 | 1.0.8 | 145.00 | 90.00 | 235.00 | NOTE | |
r-patched-linux-x86_64 | 1.0.8 | 155.45 | 57.10 | 212.55 | NOTE | |
r-release-linux-x86_64 | 1.0.8 | 137.79 | 56.99 | 194.78 | NOTE | |
r-release-macos-arm64 | 1.0.8 | 89.00 | NOTE | |||
r-release-macos-x86_64 | 1.0.8 | 161.00 | NOTE | |||
r-release-windows-x86_64 | 1.0.8 | 183.00 | 102.00 | 285.00 | NOTE | |
r-oldrel-macos-arm64 | 1.0.8 | 88.00 | NOTE | |||
r-oldrel-macos-x86_64 | 1.0.8 | 110.00 | NOTE | |||
r-oldrel-windows-x86_64 | 1.0.8 | 173.00 | 103.00 | 276.00 | OK |
Version: 1.0.8
Check: C++ specification
Result: NOTE
Specified C++11: please drop specification unless essential
Flavors: r-devel-linux-x86_64-debian-clang, r-devel-linux-x86_64-debian-gcc, r-devel-linux-x86_64-fedora-clang, r-devel-linux-x86_64-fedora-gcc, r-devel-windows-x86_64, r-patched-linux-x86_64, r-release-linux-x86_64, r-release-macos-arm64, r-release-macos-x86_64, r-release-windows-x86_64
Version: 1.0.8
Check: installed package size
Result: NOTE
installed size is 10.0Mb
sub-directories of 1Mb or more:
libs 9.0Mb
Flavors: r-release-macos-arm64, r-release-macos-x86_64, r-oldrel-macos-arm64, r-oldrel-macos-x86_64