Last updated on 2023-05-30 08:02:33 CEST.
Flavor | Version | Tinstall | Tcheck | Ttotal | Status | Flags |
---|---|---|---|---|---|---|
r-devel-linux-x86_64-debian-clang | 0.4.0 | 31.39 | 434.13 | 465.52 | OK | |
r-devel-linux-x86_64-debian-gcc | 0.4.0 | 28.21 | 358.76 | 386.97 | OK | |
r-devel-linux-x86_64-fedora-clang | 0.4.0 | 616.53 | NOTE | |||
r-devel-linux-x86_64-fedora-gcc | 0.4.0 | 589.95 | OK | |||
r-devel-windows-x86_64 | 0.4.0 | 27.00 | 287.00 | 314.00 | OK | |
r-patched-linux-x86_64 | 0.4.0 | 27.74 | 456.44 | 484.18 | OK | |
r-release-linux-x86_64 | 0.4.0 | 31.70 | 452.00 | 483.70 | OK | |
r-release-macos-arm64 | 0.4.0 | 139.00 | OK | |||
r-release-macos-x86_64 | 0.4.0 | 251.00 | OK | |||
r-release-windows-x86_64 | 0.4.0 | 35.00 | 388.00 | 423.00 | OK | |
r-oldrel-macos-arm64 | 0.4.0 | 115.00 | OK | |||
r-oldrel-macos-x86_64 | 0.4.0 | 165.00 | OK | |||
r-oldrel-windows-x86_64 | 0.4.0 | 36.00 | 363.00 | 399.00 | OK |
Version: 0.4.0
Check: Rd cross-references
Result: NOTE
Undeclared package ‘vctrs’ in Rd xrefs
Flavor: r-devel-linux-x86_64-fedora-clang