Last updated on 2023-02-06 06:52:12 CET.
Flavor | Version | Tinstall | Tcheck | Ttotal | Status | Flags |
---|---|---|---|---|---|---|
r-devel-linux-x86_64-debian-clang | 0.1.5 | 6.94 | 101.12 | 108.06 | NOTE | |
r-devel-linux-x86_64-debian-gcc | 0.1.5 | 5.93 | 72.23 | 78.16 | NOTE | |
r-devel-linux-x86_64-fedora-clang | 0.1.5 | 130.76 | NOTE | |||
r-devel-linux-x86_64-fedora-gcc | 0.1.5 | 148.43 | NOTE | |||
r-devel-windows-x86_64 | 0.1.5 | 16.00 | 136.00 | 152.00 | NOTE | |
r-patched-linux-x86_64 | 0.1.5 | 6.76 | 91.69 | 98.45 | NOTE | |
r-release-linux-x86_64 | 0.1.5 | 6.69 | 98.59 | 105.28 | NOTE | |
r-release-macos-arm64 | 0.1.5 | 35.00 | NOTE | |||
r-release-macos-x86_64 | 0.1.5 | 52.00 | NOTE | |||
r-release-windows-x86_64 | 0.1.5 | 23.00 | 139.00 | 162.00 | NOTE | |
r-oldrel-macos-arm64 | 0.1.5 | 46.00 | NOTE | |||
r-oldrel-macos-x86_64 | 0.1.5 | 65.00 | NOTE | |||
r-oldrel-windows-ix86+x86_64 | 0.1.5 | 16.00 | 129.00 | 145.00 | NOTE |
Version: 0.1.5
Check: LazyData
Result: NOTE
'LazyData' is specified without a 'data' directory
Flavors: r-devel-linux-x86_64-debian-clang, r-devel-linux-x86_64-debian-gcc, r-devel-linux-x86_64-fedora-clang, r-devel-linux-x86_64-fedora-gcc, r-devel-windows-x86_64, r-patched-linux-x86_64, r-release-linux-x86_64, r-release-macos-arm64, r-release-macos-x86_64, r-release-windows-x86_64, r-oldrel-macos-arm64, r-oldrel-macos-x86_64, r-oldrel-windows-ix86+x86_64