CRAN Package Check Results for Package tidyr

Last updated on 2022-11-29 06:51:01 CET.

Flavor Version Tinstall Tcheck Ttotal Status Flags
r-devel-linux-x86_64-debian-clang 1.2.1 16.44 196.95 213.39 OK
r-devel-linux-x86_64-debian-gcc 1.2.1 14.47 143.22 157.69 OK
r-devel-linux-x86_64-fedora-clang 1.2.1 267.49 NOTE
r-devel-linux-x86_64-fedora-gcc 1.2.1 259.70 NOTE
r-devel-windows-x86_64 1.2.1 66.00 246.00 312.00 OK
r-patched-linux-x86_64 1.2.1 15.10 179.65 194.75 OK
r-release-linux-x86_64 1.2.1 15.23 173.53 188.76 OK
r-release-macos-arm64 1.2.1 58.00 NOTE
r-release-macos-x86_64 1.2.1 77.00 NOTE
r-release-windows-x86_64 1.2.1 71.00 238.00 309.00 OK
r-oldrel-macos-arm64 1.2.1 60.00 NOTE
r-oldrel-macos-x86_64 1.2.1 84.00 NOTE
r-oldrel-windows-ix86+x86_64 1.2.1 43.00 335.00 378.00 OK

Check Details

Version: 1.2.1
Check: data for non-ASCII characters
Result: NOTE
     Note: found 24 marked UTF-8 strings
Flavors: r-devel-linux-x86_64-fedora-clang, r-devel-linux-x86_64-fedora-gcc, r-release-macos-arm64, r-release-macos-x86_64, r-oldrel-macos-arm64, r-oldrel-macos-x86_64