CRAN Package Check Results for Package tidyquery

Last updated on 2024-02-23 07:52:23 CET.

Flavor Version Tinstall Tcheck Ttotal Status Flags
r-devel-linux-x86_64-debian-clang 0.2.4 NOTE
r-devel-linux-x86_64-debian-gcc 0.2.4 5.47 90.83 96.30 OK
r-devel-linux-x86_64-fedora-clang 0.2.4 145.64 NOTE
r-devel-linux-x86_64-fedora-gcc 0.2.4 158.67 OK
r-devel-windows-x86_64 0.2.4 7.00 115.00 122.00 OK
r-patched-linux-x86_64 0.2.4 7.27 115.33 122.60 OK
r-release-linux-x86_64 0.2.4 7.25 114.80 122.05 OK
r-release-macos-arm64 0.2.4 64.00 OK
r-release-macos-x86_64 0.2.4 97.00 OK
r-release-windows-x86_64 0.2.4 10.00 145.00 155.00 OK
r-oldrel-macos-arm64 0.2.4 53.00 OK
r-oldrel-windows-x86_64 0.2.4 9.00 151.00 160.00 OK

Check Details

Version: 0.2.4
Check: package dependencies
Result: NOTE Package suggested but not available for checking: ‘arrow’ Flavors: r-devel-linux-x86_64-debian-clang, r-devel-linux-x86_64-fedora-clang