Last updated on 2023-02-03 06:50:36 CET.
Flavor | Version | Tinstall | Tcheck | Ttotal | Status | Flags |
---|---|---|---|---|---|---|
r-devel-linux-x86_64-debian-clang | 0.2.4 | 6.77 | 125.68 | 132.45 | OK | |
r-devel-linux-x86_64-debian-gcc | 0.2.4 | 5.28 | 86.15 | 91.43 | NOTE | |
r-devel-linux-x86_64-fedora-clang | 0.2.4 | 168.80 | OK | |||
r-devel-linux-x86_64-fedora-gcc | 0.2.4 | 168.27 | OK | |||
r-patched-linux-x86_64 | 0.2.4 | 7.35 | 121.50 | 128.85 | OK | |
r-release-linux-x86_64 | 0.2.4 | 7.08 | 123.35 | 130.43 | OK | |
r-release-macos-arm64 | 0.2.4 | 53.00 | OK | |||
r-release-macos-x86_64 | 0.2.4 | 79.00 | OK | |||
r-release-windows-x86_64 | 0.2.4 | 15.00 | 184.00 | 199.00 | OK | |
r-oldrel-macos-arm64 | 0.2.4 | 50.00 | OK | |||
r-oldrel-macos-x86_64 | 0.2.4 | 80.00 | OK | |||
r-oldrel-windows-ix86+x86_64 | 0.2.4 | 15.00 | 175.00 | 190.00 | OK |
Version: 0.2.4
Check: package dependencies
Result: NOTE
Package suggested but not available for checking: ‘arrow’
Flavor: r-devel-linux-x86_64-debian-gcc