Last updated on 2023-02-01 07:53:19 CET.
Flavor | Version | Tinstall | Tcheck | Ttotal | Status | Flags |
---|---|---|---|---|---|---|
r-devel-linux-x86_64-debian-clang | 1.0.6 | 12.27 | 278.34 | 290.61 | OK | |
r-devel-linux-x86_64-debian-gcc | 1.0.6 | 10.27 | 199.33 | 209.60 | OK | |
r-devel-linux-x86_64-fedora-clang | 1.0.6 | 326.75 | NOTE | |||
r-devel-linux-x86_64-fedora-gcc | 1.0.6 | 316.05 | OK | |||
r-devel-windows-x86_64 | 1.0.6 | 89.00 | 360.00 | 449.00 | NOTE | |
r-patched-linux-x86_64 | 1.0.6 | 17.73 | 257.83 | 275.56 | OK | |
r-release-linux-x86_64 | 1.0.6 | 9.78 | 223.95 | 233.73 | OK | |
r-release-macos-arm64 | 1.0.6 | 188.00 | NOTE | |||
r-release-macos-x86_64 | 1.0.6 | 160.00 | NOTE | |||
r-release-windows-x86_64 | 1.0.6 | 117.00 | 321.00 | 438.00 | NOTE | |
r-oldrel-macos-arm64 | 1.0.6 | 152.00 | NOTE | |||
r-oldrel-macos-x86_64 | 1.0.6 | 179.00 | NOTE | |||
r-oldrel-windows-ix86+x86_64 | 1.0.6 | 27.00 | 355.00 | 382.00 | NOTE |
Version: 1.0.6
Check: package dependencies
Result: NOTE
Imports includes 22 non-default packages.
Importing from so many packages makes the package vulnerable to any of
them becoming unavailable. Move as many as possible to Suggests and
use conditionally.
Flavor: r-devel-linux-x86_64-fedora-clang
Version: 1.0.6
Check: installed package size
Result: NOTE
installed size is 5.3Mb
sub-directories of 1Mb or more:
doc 4.4Mb
Flavors: r-devel-linux-x86_64-fedora-clang, r-devel-windows-x86_64, r-release-macos-arm64, r-release-macos-x86_64, r-release-windows-x86_64, r-oldrel-macos-arm64, r-oldrel-macos-x86_64, r-oldrel-windows-ix86+x86_64
Version: 1.0.6
Check: package dependencies
Result: NOTE
Package suggested but not available for checking: ‘Rblpapi’
Flavors: r-release-macos-arm64, r-oldrel-macos-arm64
Version: 1.0.6
Check: Rd cross-references
Result: NOTE
Package unavailable to check Rd xrefs: ‘Rblpapi’
Flavors: r-release-macos-arm64, r-oldrel-macos-arm64