Last updated on 2023-01-29 08:57:16 CET.
Flavor | Version | Tinstall | Tcheck | Ttotal | Status | Flags |
---|---|---|---|---|---|---|
r-devel-linux-x86_64-debian-clang | 0.0.2 | 52.82 | 123.59 | 176.41 | OK | |
r-devel-linux-x86_64-debian-gcc | 0.0.2 | 42.17 | 94.02 | 136.19 | NOTE | |
r-devel-linux-x86_64-fedora-clang | 0.0.2 | 230.39 | NOTE | |||
r-devel-linux-x86_64-fedora-gcc | 0.0.2 | 223.87 | NOTE | |||
r-devel-windows-x86_64 | 0.0.2 | 67.00 | 183.00 | 250.00 | NOTE | |
r-patched-linux-x86_64 | 0.0.2 | 47.14 | 117.94 | 165.08 | OK | |
r-release-linux-x86_64 | 0.0.2 | 36.65 | 117.61 | 154.26 | OK | |
r-release-macos-arm64 | 0.0.2 | 58.00 | OK | |||
r-release-macos-x86_64 | 0.0.2 | 100.00 | OK | |||
r-release-windows-x86_64 | 0.0.2 | 63.00 | 172.00 | 235.00 | OK | |
r-oldrel-macos-arm64 | 0.0.2 | 55.00 | OK | |||
r-oldrel-macos-x86_64 | 0.0.2 | 79.00 | OK | |||
r-oldrel-windows-ix86+x86_64 | 0.0.2 | 119.00 | 221.00 | 340.00 | OK |
Version: 0.0.2
Check: C++ specification
Result: NOTE
Specified C++11: please update to current default of C++17
Flavors: r-devel-linux-x86_64-debian-gcc, r-devel-linux-x86_64-fedora-clang, r-devel-linux-x86_64-fedora-gcc, r-devel-windows-x86_64
Version: 0.0.2
Check: Rd cross-references
Result: NOTE
Undeclared package ‘slam’ in Rd xrefs
Flavor: r-devel-linux-x86_64-fedora-clang