Last updated on 2023-02-07 07:54:17 CET.
Flavor | Version | Tinstall | Tcheck | Ttotal | Status | Flags |
---|---|---|---|---|---|---|
r-devel-linux-x86_64-debian-clang | 0.5.7 | 6.71 | 206.34 | 213.05 | OK | |
r-devel-linux-x86_64-debian-gcc | 0.5.7 | 4.62 | 109.48 | 114.10 | OK | |
r-devel-linux-x86_64-fedora-clang | 0.5.7 | 262.02 | NOTE | |||
r-devel-linux-x86_64-fedora-gcc | 0.5.7 | 278.37 | OK | |||
r-devel-windows-x86_64 | 0.5.7 | 32.00 | 403.00 | 435.00 | OK | |
r-patched-linux-x86_64 | 0.5.7 | 5.11 | 139.94 | 145.05 | OK | |
r-release-linux-x86_64 | 0.5.7 | 5.99 | 164.54 | 170.53 | OK | |
r-release-macos-arm64 | 0.5.7 | 86.00 | OK | |||
r-release-macos-x86_64 | 0.5.7 | 127.00 | OK | |||
r-release-windows-x86_64 | 0.5.7 | 33.00 | 397.00 | 430.00 | OK | |
r-oldrel-macos-arm64 | 0.5.7 | 89.00 | OK | |||
r-oldrel-macos-x86_64 | 0.5.7 | 123.00 | OK | |||
r-oldrel-windows-ix86+x86_64 | 0.5.7 | 14.00 | 410.00 | 424.00 | OK |
Version: 0.5.7
Check: Rd cross-references
Result: NOTE
Undeclared packages ‘tidyfst’, ‘tidyr’, ‘fastDummies’ in Rd xrefs
Flavor: r-devel-linux-x86_64-fedora-clang